{"id":3586,"date":"2024-09-23T19:58:31","date_gmt":"2024-09-23T19:58:31","guid":{"rendered":"http:\/\/erf.untz.ba\/web\/?page_id=3586"},"modified":"2024-09-23T20:31:52","modified_gmt":"2024-09-23T20:31:52","slug":"projekti","status":"publish","type":"page","link":"http:\/\/erf.untz.ba\/web\/projekti\/","title":{"rendered":"Projekti"},"content":{"rendered":"\n\n\n<h2><strong>Hawking projekat predstavljen na Sajmu evropskih projekata<\/strong><\/h2>\n\n\n\n<figure class=\"wp-block-image size-large\"><a href=\"http:\/\/erf.untz.ba\/web\/wp-content\/uploads\/2024\/09\/hawking-1.png\"><img loading=\"lazy\" width=\"1024\" height=\"487\" src=\"http:\/\/erf.untz.ba\/web\/wp-content\/uploads\/2024\/09\/hawking-1-1024x487.png\" alt=\"\" class=\"wp-image-3595\" srcset=\"http:\/\/erf.untz.ba\/web\/wp-content\/uploads\/2024\/09\/hawking-1-1024x487.png 1024w, http:\/\/erf.untz.ba\/web\/wp-content\/uploads\/2024\/09\/hawking-1-300x143.png 300w, http:\/\/erf.untz.ba\/web\/wp-content\/uploads\/2024\/09\/hawking-1-768x365.png 768w, http:\/\/erf.untz.ba\/web\/wp-content\/uploads\/2024\/09\/hawking-1-360x171.png 360w, http:\/\/erf.untz.ba\/web\/wp-content\/uploads\/2024\/09\/hawking-1.png 1250w\" sizes=\"(max-width: 1024px) 100vw, 1024px\" \/><\/a><\/figure>\n\n\n<p dir=\"ltr\" style=\"text-align: justify;\">Na\u00a0 Sajmu evropskih projekata koji se odr\u017eava pod pokroviteljstvom Privredne komore Crne Gore i Ministarstva evropskih poslova Crne Gore, Univerzitet Crne Gore je predstavio koordinatorski projekat Hawking\u00a0 zainteresovanoj javnosti, ostalim akterima i diplomatskom koru u zemlji, 8. juna 2024. Ovaj revolucionarni projekat osmi\u0161ljen je da transformi\u0161e sistem visokog obrazovanja za osobe sa posebnim potrebama na Zapadnom Balkanu.<\/p>\n<p dir=\"ltr\" style=\"text-align: justify;\">Projekat Hawking (Harvesting (digital) Alternation in Ways that Knock-down Inaccessibility of New Generations), predvo\u0111en Univerzitetom Crne Gore, okuplja 15 partnera iz regiona Zapadnog Balkana i Evrope sa ciljem ja\u010danja kapaciteta visoko\u0161kolskih ustanova u Crnoj Gori, BiH i Albaniji \u2013 pored Univerziteta Crne Gore tu su jo\u0161 i Univerzitet Adriatik iz Crne Gore, Univerzitet u Tuzli, Univerzitet u Bijeljini, Univerzitet u Isto\u010dnom Sarajevu iz BiH, Univerzitet u Valoni \u201eIsmail Kemali\u201c i Univerzitet Kor\u010da \u201eFan S. Noli\u201c iz Albanije. Pored toga, pet visoko\u0161kolskih ustanova iz EU i tre\u0107ih zemalja (Univerzitet u Mariboru, Slovenija; Univerzitet u Konji, Turska; Univerzitet Madeira, Portugal; Visoka \u0161kola za obuku nastavnika i poslovne informatike \u2013 Sirmijum, Sremska Mitrovica, Srbija; Univerzitet u Nikoziji, Kipar) te dvije nevladine organizacije iz zemalja Zapadnog Balkana (Pedago\u0161ki centar Crne Gore i Organizacija amputiraca\/UDAS, Bosna i Hercegovina)<\/p>\n<p dir=\"ltr\" style=\"text-align: justify;\">Ina\u010de, Hawking\u00a0 projekat, koji se finansira iz ERASMUS+ programa za Izgradnju kapaciteta visoko\u0161kolskih ustanvoa, se sprovodi sa ciljem:<\/p>\n<ul style=\"text-align: justify;\">\n<li dir=\"ltr\" aria-level=\"1\">\n<p dir=\"ltr\" role=\"presentation\">Promovisanja digitalne transformacije u visokom obrazovanju kroz prizmu socijalne pravde.<\/p>\n<\/li>\n<li dir=\"ltr\" aria-level=\"1\">\n<p dir=\"ltr\" role=\"presentation\">Unapre\u0111enja jednakosti, nepristrasnosti i dostupnosti za studente sa posebnim potrebama.<\/p>\n<\/li>\n<li dir=\"ltr\" aria-level=\"1\">\n<p dir=\"ltr\" role=\"presentation\">Pobolj\u0161anja institucionalnog i infrastrukturnog okru\u017eenja u partnerskim visoko\u0161kolskim ustanovama.<\/p>\n<\/li>\n<li dir=\"ltr\" aria-level=\"1\">\n<p dir=\"ltr\" role=\"presentation\">Uspostavljanja inkluzivnih mehanizama digitalne tranzicije iz srednjeg u visoko obrazovanje.<\/p>\n<\/li>\n<\/ul>\n<p style=\"text-align: justify;\">\u00a0<\/p>\n<p dir=\"ltr\" style=\"text-align: justify;\">Kroz \u0161est strukturiranih radnih paketa, projekat HAWKING \u0107e ostvariti konkretne rezultate, uklju\u010duju\u0107i:<\/p>\n<ul style=\"text-align: justify;\">\n<li dir=\"ltr\" aria-level=\"1\">\n<p dir=\"ltr\" role=\"presentation\">Obuke i radionice.<\/p>\n<\/li>\n<li dir=\"ltr\" aria-level=\"1\">\n<p dir=\"ltr\" role=\"presentation\">Uspostavljanje inkluzivnih usluga podr\u0161ke.<\/p>\n<\/li>\n<li dir=\"ltr\" aria-level=\"1\">\n<p dir=\"ltr\" role=\"presentation\">Optimizaciju digitalnih obrazovnih alata i materijala.<\/p>\n<\/li>\n<li dir=\"ltr\" aria-level=\"1\">\n<p dir=\"ltr\" role=\"presentation\">Unapre\u0111enje metodologija inkluzivne nastave.<\/p>\n<\/li>\n<\/ul>\n<p style=\"text-align: justify;\">\u00a0<\/p>\n<p dir=\"ltr\" style=\"text-align: justify;\">Projekat se fokusira na stvaranje jakih veza izme\u0111u univerziteta i zajednice kroz anga\u017eovanje sa neakademskim partnerima kao \u0161to su \u0161kole i op\u0161tine.Hawking\u00a0 je uskla\u0111en sa globalnim ciljevima promovisanja inkluzivnog obrazovanja, jednakosti i nepristrasnosti, sa posebnim osvrtom na rje\u0161avanje rodnih razlika u digitalnoj pismenosti.<\/p>\n<p dir=\"ltr\">\u00a0<\/p>\n\n\n<hr class=\"wp-block-separator has-text-color has-background has-black-background-color has-black-color is-style-wide\"\/>\n\n\n\n<figure class=\"wp-block-image size-full\"><a href=\"http:\/\/erf.untz.ba\/web\/wp-content\/uploads\/2024\/09\/Gender-Equality-in-Academia-and-Research-GEAR-1-1.png\"><img loading=\"lazy\" width=\"851\" height=\"315\" src=\"http:\/\/erf.untz.ba\/web\/wp-content\/uploads\/2024\/09\/Gender-Equality-in-Academia-and-Research-GEAR-1-1.png\" alt=\"\" class=\"wp-image-3589\" srcset=\"http:\/\/erf.untz.ba\/web\/wp-content\/uploads\/2024\/09\/Gender-Equality-in-Academia-and-Research-GEAR-1-1.png 851w, http:\/\/erf.untz.ba\/web\/wp-content\/uploads\/2024\/09\/Gender-Equality-in-Academia-and-Research-GEAR-1-1-300x111.png 300w, http:\/\/erf.untz.ba\/web\/wp-content\/uploads\/2024\/09\/Gender-Equality-in-Academia-and-Research-GEAR-1-1-768x284.png 768w, http:\/\/erf.untz.ba\/web\/wp-content\/uploads\/2024\/09\/Gender-Equality-in-Academia-and-Research-GEAR-1-1-360x133.png 360w\" sizes=\"(max-width: 851px) 100vw, 851px\" \/><\/a><\/figure>\n\n\n<p dir=\"ltr\" style=\"text-align: justify;\">Projekat HAWKING je jedan od novodobrenih projekata izgradnje kapaciteta u visokom obrazovanju koji se koordinira od strane Univerziteta Crne Gore. Zemlje u\u010desnice u projektu su Albanija, Bosna i Hercegovina, Turska, Srbija, Kipar, Slovenija i Portugal, dok ostali partneri iz Crne Gore uklju\u010duju Univerzitet Adriatik, Fakultet za menad\u017ement Herceg Novi, kao i Pedago\u0161ki Centar Crne Gore. Inspirisan \u017eivotom i dostignu\u0107ima fizi\u010dara dr Stivena Hokinga, projekat ima za cilj da se pozabavi nedostatkom sredstava za podr\u0161ku osobama sa invaliditetom, posebno na Zapadnom Balkanu, \u0161to ote\u017eava njihov pristup visokom obrazovanju. Cilj je da se premosti praznina u digitalizovanom obrazovanju i da se pru\u017ei podr\u0161ka studentima ranjivih kategorija (sa fizi\u010dkim ili mentalnim invaliditetom), od kojih mnogi ne nastavljaju sa fakultetskim obrazovanjem uprkos svojim talentima.<\/p>\n<p dir=\"ltr\"><strong>CILJ PROJEKTA<\/strong><\/p>\n<p class=\"zfr3Q CDt4Ke \" dir=\"ltr\" style=\"text-align: justify;\"><span class=\"C9DxTc \">Iako je proces digitalizacije na Zapadnom Balkanu ubrzan poslednjih godina, obrazovni sektor je dodatno dobio na zna\u010daju uvo\u0111enjem onlajn u\u010denja zbog COVID-19. Brojni pregledi literature pokazuju da ozbiljan digitalni jaz onemogu\u0107ava obrazovne napore za mnoge studente i njihove porodice. Ovo je naro\u010dito uo\u010dljivo kod studenata sa fizi\u010dkim i\/ili mentalnim invaliditetom, jer mnogi od njih ne poha\u0111aju univerzitetsko obrazovanje uprkos talentima, kao i kod studentkinja koje su, u pore\u0111enju sa mu\u0161kim kolegama, manje uklju\u010dene u tehni\u010dke studijske programe. Iako digitalna transformacija pru\u017ea nove mogu\u0107nosti za ekonomsko osna\u017eivanje \u017eena i mo\u017ee doprinijeti rodnoj ravnopravnosti, razli\u010ditim grupama studenata je potrebno prilago\u0111avanje digitalnih kompetencija, sadr\u017eaja, metoda, alata i usluga univerziteta. Time se omogu\u0107ava pravi\u010dan pristup i zavr\u0161etak \u017eeljenih studijskih programa, ve\u0107e uklju\u010divanje \u017eena u digitalnu ekonomiju i pove\u0107ana raznolikost u\u010denika koji donose dru\u0161tvenu i ekonomsku vrijednost. <\/span><span class=\"C9DxTc \">Projekat HAWKING premo\u0161\u0107uje digitalni jaz pru\u017eanjem e-pristupa\u010dnosti, digitalnih unapre\u0111enja i optimizacije postoje\u0107ih i stvaranjem novih struktura podr\u0161ke i usluga na univerzitetskom nivou. Modernizacija metoda i alata za podu\u010davanje i u\u010denje podr\u017eava razli\u010dite potrebe studenata u digitalnom okru\u017eenju. Projekat uspostavlja mehanizme za pravi\u010dnu digitalnu tranziciju iz srednjeg u visoko obrazovanje. Tako\u0111e, unapre\u0111uje institucionalno i infrastrukturno okru\u017eenje na partnerskim visoko\u0161kolskim ustanovama i pobolj\u0161ava metodologiju podu\u010davanja. Na ovaj na\u010din premo\u0161\u0107uje digitalne praznine u obrazovanju i pru\u017eanju podr\u0161ke studentima. <\/span><span class=\"C9DxTc \">Da bi omogu\u0107io sveobuhvatan uticaj, HAWKING cilja aktivno uklju\u010divanje obrazovnih menad\u017eera, nastavnog i nenastavnog osoblja, studenata i roditelja.<\/span><\/p>\n<p dir=\"ltr\"><strong>PARTNERI<\/strong><\/p>\n<ul class=\"n8H08c UVNKR \">\n<li class=\"zfr3Q TYR86d eD0Rn \" dir=\"ltr\">\n<p class=\"zfr3Q CDt4Ke \" dir=\"ltr\" role=\"presentation\"><span class=\"C9DxTc \">Univerzitet Crne Gore<\/span><\/p>\n<\/li>\n<li class=\"zfr3Q TYR86d eD0Rn \" dir=\"ltr\">\n<p class=\"zfr3Q CDt4Ke \" dir=\"ltr\" role=\"presentation\"><span class=\"C9DxTc \">Univerzitet Adriatik, Crna Gora<\/span><\/p>\n<\/li>\n<li class=\"zfr3Q TYR86d eD0Rn \" dir=\"ltr\">\n<p class=\"zfr3Q CDt4Ke \" dir=\"ltr\" role=\"presentation\"><span class=\"C9DxTc \">Univerzitet u Tuzli, B&amp;H<\/span><\/p>\n<\/li>\n<li class=\"zfr3Q TYR86d eD0Rn \" dir=\"ltr\">\n<p class=\"zfr3Q CDt4Ke \" dir=\"ltr\" role=\"presentation\"><span class=\"C9DxTc \">Univerzitet u Bijeljini, B&amp;H<\/span><\/p>\n<\/li>\n<li class=\"zfr3Q TYR86d eD0Rn \" dir=\"ltr\">\n<p class=\"zfr3Q CDt4Ke \" dir=\"ltr\" role=\"presentation\"><span class=\"C9DxTc \">Univerzitet u Isto\u010dnom Sarajevu, B&amp;H<\/span><\/p>\n<\/li>\n<li class=\"zfr3Q TYR86d eD0Rn \" dir=\"ltr\">\n<p class=\"zfr3Q CDt4Ke \" dir=\"ltr\" role=\"presentation\"><span class=\"C9DxTc \">Univerzitet u Valoni, Albanija<\/span><\/p>\n<\/li>\n<li class=\"zfr3Q TYR86d eD0Rn \" dir=\"ltr\">\n<p class=\"zfr3Q CDt4Ke \" dir=\"ltr\" role=\"presentation\"><span class=\"C9DxTc \">Univerzitet Kor\u010da, Albanija<\/span><\/p>\n<\/li>\n<li class=\"zfr3Q TYR86d eD0Rn \" dir=\"ltr\">\n<p class=\"zfr3Q CDt4Ke \" dir=\"ltr\" role=\"presentation\"><span class=\"C9DxTc \">Univerzitet Necmettin Erbakan, Turska<\/span><\/p>\n<\/li>\n<li class=\"zfr3Q TYR86d eD0Rn \" dir=\"ltr\">\n<p class=\"zfr3Q CDt4Ke \" dir=\"ltr\" role=\"presentation\"><span class=\"C9DxTc \">Visoka \u0161kola za obuku nastavnika i poslovne informatike \u2013 Sirmijum, Srbija<\/span><\/p>\n<\/li>\n<li class=\"zfr3Q TYR86d eD0Rn \" dir=\"ltr\">\n<p class=\"zfr3Q CDt4Ke \" dir=\"ltr\" role=\"presentation\"><span class=\"C9DxTc \">Western Balkans Institute, Srbija<\/span><\/p>\n<\/li>\n<li class=\"zfr3Q TYR86d eD0Rn \" dir=\"ltr\">\n<p class=\"zfr3Q CDt4Ke \" dir=\"ltr\" role=\"presentation\"><span class=\"C9DxTc \">Organizacija amputiraca\/UDAS, B&amp;H<\/span><\/p>\n<\/li>\n<li class=\"zfr3Q TYR86d eD0Rn \" dir=\"ltr\">\n<p class=\"zfr3Q CDt4Ke \" dir=\"ltr\" role=\"presentation\"><span class=\"C9DxTc \">Pedago\u0161ki centar Crne Gore<\/span><\/p>\n<\/li>\n<li class=\"zfr3Q TYR86d eD0Rn \" dir=\"ltr\">\n<p class=\"zfr3Q CDt4Ke \" dir=\"ltr\" role=\"presentation\"><span class=\"C9DxTc \">Univerzitet u Nikoziji, Kipar<\/span><\/p>\n<\/li>\n<li class=\"zfr3Q TYR86d eD0Rn \" dir=\"ltr\">\n<p class=\"zfr3Q CDt4Ke \" dir=\"ltr\" role=\"presentation\"><span class=\"C9DxTc \">Univerzitet u Mariboru, Slovenija<\/span><\/p>\n<\/li>\n<li class=\"zfr3Q TYR86d eD0Rn \" dir=\"ltr\">\n<p class=\"zfr3Q CDt4Ke \" dir=\"ltr\" role=\"presentation\"><span class=\"C9DxTc \">Univerzitet Madeira, Portugal<\/span><\/p>\n<\/li>\n<\/ul>\n\n\n<!--nextpage-->\n","protected":false},"excerpt":{"rendered":"<p>Hawking projekat predstavljen na Sajmu evropskih projekata Na\u00a0 Sajmu evropskih projekata koji se odr\u017eava pod pokroviteljstvom Privredne komore Crne Gore i Ministarstva evropskih poslova Crne Gore, Univerzitet Crne Gore je predstavio koordinatorski projekat Hawking\u00a0 zainteresovanoj javnosti, ostalim akterima i diplomatskom koru u zemlji, 8. juna 2024. Ovaj revolucionarni projekat osmi\u0161ljen je da transformi\u0161e sistem visokog obrazovanja za <a href=\"http:\/\/erf.untz.ba\/web\/projekti\/\" class=\"read-more\">Vi\u0161e&#8230;<\/a><\/p>\n","protected":false},"author":2,"featured_media":0,"parent":0,"menu_order":0,"comment_status":"closed","ping_status":"closed","template":"","meta":[],"_links":{"self":[{"href":"http:\/\/erf.untz.ba\/web\/wp-json\/wp\/v2\/pages\/3586"}],"collection":[{"href":"http:\/\/erf.untz.ba\/web\/wp-json\/wp\/v2\/pages"}],"about":[{"href":"http:\/\/erf.untz.ba\/web\/wp-json\/wp\/v2\/types\/page"}],"author":[{"embeddable":true,"href":"http:\/\/erf.untz.ba\/web\/wp-json\/wp\/v2\/users\/2"}],"replies":[{"embeddable":true,"href":"http:\/\/erf.untz.ba\/web\/wp-json\/wp\/v2\/comments?post=3586"}],"version-history":[{"count":0,"href":"http:\/\/erf.untz.ba\/web\/wp-json\/wp\/v2\/pages\/3586\/revisions"}],"wp:attachment":[{"href":"http:\/\/erf.untz.ba\/web\/wp-json\/wp\/v2\/media?parent=3586"}],"curies":[{"name":"wp","href":"https:\/\/api.w.org\/{rel}","templated":true}]}}