{"id":609,"date":"2018-01-18T13:18:51","date_gmt":"2018-01-18T13:18:51","guid":{"rendered":"http:\/\/erf.untz.ba\/web\/?page_id=609"},"modified":"2025-06-19T09:02:11","modified_gmt":"2025-06-19T09:02:11","slug":"e-knjige","status":"publish","type":"page","link":"http:\/\/erf.untz.ba\/web\/biblioteka__trashed\/e-knjige\/","title":{"rendered":"E-knjige"},"content":{"rendered":"<ol>\n<li>\n<h4 style=\"text-align: justify;\">Duranovi\u0107, M., Jovanovi\u0107-Simi\u0107, N., Begi\u0107, L., Mrkonji\u0107, Z., Rahmanovi\u0107, D. (2019).<span style=\"color: #993300;\"><a style=\"color: #993300;\" href=\"http:\/\/erf.untz.ba\/web\/wp-content\/uploads\/2019\/10\/JEZIK-i-JEZI\u010cKI-POREME\u0106AJI-2.pdf\"><em> <strong>Jezik i jezi\u010dki poreme\u0107aji<\/strong><\/em><\/a>.<\/span> Univerzitet u Isto\u010dnom Sarajevu: Medicinski fakultet Fo\u010da.<\/h4>\n<\/li>\n<li style=\"text-align: justify;\">\n<h4>Duranovi\u0107, M., Begi\u0107, L., Jovanovi\u0107-Simi\u0107, N., Rahmanovi\u0107, D. (2018). <span style=\"color: #993300;\"><em><strong><a style=\"color: #993300;\" href=\"http:\/\/erf.untz.ba\/web\/wp-content\/uploads\/2018\/10\/Komunikacija-i-mucanje.pdf\">Komunikacija i mucanje<\/a><\/strong><\/em>.<\/span>\u00a0<em>\u00a0<\/em>Univerzitet u Isto\u010dnom Sarajevu: Medicinski fakultet Fo\u010da.<\/h4>\n<\/li>\n<li style=\"text-align: justify;\">\n<h4>Begi\u0107, L., Duranovi\u0107, M., Jovanovi\u0107-Simi\u0107, D. (2018). <em><span style=\"color: #993300;\"><strong><a style=\"color: #993300;\" href=\"http:\/\/erf.untz.ba\/web\/wp-content\/uploads\/2018\/10\/Osnove-disfagija.pdf\">Osnove disfagija<\/a><\/strong><\/span><\/em>.\u00a0 Univerzitet u Isto\u010dnom Sarajevu: Medicinski fakultet Fo\u010da.<\/h4>\n<\/li>\n<li style=\"text-align: justify;\">\n<h4>Jovanovi\u0107-Simi\u0107, D., Duranovi\u0107, M., Babac, S. (2018). <em><span style=\"color: #993300;\"><strong><a style=\"color: #993300;\" href=\"http:\/\/erf.untz.ba\/web\/wp-content\/uploads\/2018\/10\/Sluh-knjiga.pdf\">Sluh<\/a><\/strong>.<\/span><\/em> Univerzitet u Isto\u010dnom Sarajevu: Medicinski fakultet Fo\u010da.<\/h4>\n<\/li>\n<li>\n<h4 style=\"text-align: justify;\">Jovanovi\u0107-Simi\u0107, D., Duranovi\u0107, M., Petrovi\u0107-Lazi\u0107, M. (2018). <em><strong><a href=\"http:\/\/erf.untz.ba\/web\/wp-content\/uploads\/2018\/10\/GOVOR-I-GLAS-ABC-1.pdf\"><span style=\"color: #993300;\">Govor i glas<\/span>.<\/a><\/strong><\/em> Univerzitet u Isto\u010dnom Sarajevu: Medicinski fakultet Fo\u010da.<\/h4>\n<\/li>\n<li>\n<h4><span style=\"color: #000080;\">Dizdarevi\u0107, A., Ahmetovi\u0107, M., Mujezinovi\u0107, A. (2022). <a style=\"color: #000080;\" href=\"http:\/\/erf.untz.ba\/web\/wp-content\/uploads\/2022\/11\/Young-Athletes-Nutrition-Guide_sa-koricama-2.pdf\"><strong><span style=\"color: #993300;\">Young Athlete\u2019s Nutrition Guide<\/span><\/strong><\/a>. Association for human rights and social inclusion (SOCI), Tuzla.<\/span><\/h4>\n<\/li>\n<li>\n<h4><span style=\"color: #000080;\">Koltcheva, N., Mujezinovi\u0107 A., Dizdarevi\u0107, A. (2022). <strong><span style=\"color: #993300;\"><a style=\"color: #993300;\" href=\"http:\/\/erf.untz.ba\/web\/wp-content\/uploads\/2022\/11\/Book-Social-and-Emotional-skill.pdf\">Social and emotional skills in early and preschool age children<\/a><\/span><\/strong>. New Bulgarian\u00a0 University press, Sofia, Bulgaria.<\/span><\/h4>\n<\/li>\n<li>\n<h4><span style=\"color: #000080;\">Dizdarevi\u0107, A., Ahmetovi\u0107, M., Mujezinovi\u0107, A. (2022). <strong><span style=\"color: #993300;\"><a style=\"color: #993300;\" href=\"http:\/\/erf.untz.ba\/web\/wp-content\/uploads\/2022\/11\/Guide-Health-First-aid-and-Injury-prevention_sa-koricama.pdf\">Guide Health, First aid and Injury prevention<\/a><\/span><\/strong>.\u00a0Association for human rights and social inclusion (SOCI), Tuzla.<\/span><\/h4>\n<\/li>\n<li>\n<h4><span style=\"color: #000080;\">Gomez, A. (2022). <strong><span style=\"color: #993300;\"><a style=\"color: #993300;\" href=\"http:\/\/erf.untz.ba\/web\/wp-content\/uploads\/2022\/11\/Social-Inclusion-in-Sport_sa-koricama.pdf\">Social Inclusion in Sport<\/a>.<\/span><\/strong>\u00a0Association for human rights and social inclusion (SOCI), Tuzla.<\/span><\/h4>\n<\/li>\n<li>\n<h4>Zbornik radova sa I Me\u0111unarodne konferencije &#8220;Unapre\u0111enje kvalitete \u017eivota djece i mladih&#8221;. <strong>Tuzla, 26-28.11.2010. godine (<\/strong><span style=\"color: #993300;\"><a style=\"color: #993300;\" href=\"http:\/\/erf.untz.ba\/web\/wp-content\/uploads\/2022\/05\/Zbornik-2010.pdf\">Download<\/a><\/span><strong>)<\/strong><\/h4>\n<\/li>\n<li>\n<h4>Zbornik radova sa II Me\u0111unarodne konferencije &#8220;Unapre\u0111enje kvalitete \u017eivota djece i mladih&#8221;. <strong>Tuzla, 26-28.11.2011. godine (<\/strong><span style=\"color: #993300;\"><a style=\"color: #993300;\" href=\"http:\/\/erf.untz.ba\/web\/wp-content\/uploads\/2022\/05\/Zbornik-konferencije-2011.pdf\">Download<\/a><\/span><strong>)<\/strong><\/h4>\n<\/li>\n<li>\n<h4>Zbornik radova sa III Me\u0111unarodne konferencije &#8220;Unapre\u0111enje kvalitete \u017eivota djece i mladih&#8221;. <strong>Zlatibor, 2012. godine (<\/strong><span style=\"color: #993300;\"><a style=\"color: #993300;\" href=\"http:\/\/erf.untz.ba\/web\/wp-content\/uploads\/2022\/05\/Zbornik-2012_zlatibor_compressed.pdf\">Download<\/a><\/span><strong>)<\/strong><\/h4>\n<\/li>\n<li>\n<h4>Zbornik radova sa IV Me\u0111unarodne konferencije &#8220;Unapre\u0111enje kvalitete \u017eivota djece i mladih&#8221;. <strong>Split, 2013. godine (<\/strong><span style=\"color: #993300;\"><a style=\"color: #993300;\" href=\"http:\/\/erf.untz.ba\/web\/wp-content\/uploads\/2022\/05\/Zbornik_Split-2013_compressed.pdf\">Download<\/a><\/span><strong>)<\/strong><\/h4>\n<\/li>\n<li>\n<h4>Zbornik radova sa V Me\u0111unarodne konferencije &#8220;Unapre\u0111enje kvalitete \u017eivota djece i mladih&#8221;. <strong>Igalo, 21-22.06.2014. godine (<\/strong><span style=\"color: #993300;\"><a style=\"color: #993300;\" href=\"http:\/\/erf.untz.ba\/web\/wp-content\/uploads\/2022\/05\/Zbornik_IGALO_2014.pdf\">Download<\/a><\/span><strong>)<\/strong><\/h4>\n<\/li>\n<li>\n<h4>Zbornik radova sa VI Me\u0111unarodne konferencije &#8220;Unapre\u0111enje kvalitete \u017eivota djece i mladih&#8221;. <strong>Ohrid, 19-21.06.2015. godine (<\/strong><span style=\"color: #993300;\"><a style=\"color: #993300;\" href=\"http:\/\/erf.untz.ba\/web\/wp-content\/uploads\/2022\/05\/zbornik-2015-I-dio.pdf\">Download 1 dio<\/a><\/span><strong>) &#8211; <\/strong><strong>(<\/strong><span style=\"color: #993300;\"><a href=\"http:\/\/erf.untz.ba\/web\/wp-content\/uploads\/2022\/06\/ZBORNIK-2015_IIdio_compressed-1.pdf\">Download 2 dio<\/a>)<\/span><\/h4>\n<\/li>\n<li>\n<h4>Zbornik radova sa VII Me\u0111unarodne konferencije &#8220;Unapre\u0111enje kvalitete \u017eivota djece i mladih&#8221;. <strong>Tuzla, 24-26.06.2016. godine (<\/strong><span style=\"color: #993300;\"><a style=\"color: #993300;\" href=\"http:\/\/erf.untz.ba\/web\/wp-content\/uploads\/2022\/05\/Zbornik_2016_I-dio.pdf\">Download 1 dio<\/a><\/span><strong>)\u00a0<\/strong><\/h4>\n<\/li>\n<li>\n<h4>Zbornik radova sa VII Me\u0111unarodne konferencije &#8220;Unapre\u0111enje kvalitete \u017eivota djece i mladih&#8221;. <strong>Tuzla, 24-26.06.2016. godine (<\/strong><a href=\"http:\/\/erf.untz.ba\/web\/wp-content\/uploads\/2022\/06\/Zbornik_2016_II-dio.pdf\"><span style=\"color: #993300;\">Download 2 dio<\/span><\/a><strong>)\u00a0<\/strong><\/h4>\n<\/li>\n<li>\n<h4>Zbornik radova sa VIII Me\u0111unarodne konferencije &#8220;Unapre\u0111enje kvalitete \u017eivota djece i mladih&#8221;. <strong>Aran\u0111elovac, 23-25.06.2017. godine (<\/strong><a href=\"http:\/\/erf.untz.ba\/web\/wp-content\/uploads\/2022\/06\/Zbornik_2017..pdf\"><span style=\"color: #993300;\">Download<\/span><\/a><strong>)\u00a0<\/strong><\/h4>\n<\/li>\n<li>\n<h4>Zbornik radova sa IX Me\u0111unarodne konferencije &#8220;Unapre\u0111enje kvalitete \u017eivota djece i mladih&#8221;. <strong>Harkanj, 22-24.06.2018. godine (<\/strong><a href=\"http:\/\/erf.untz.ba\/web\/wp-content\/uploads\/2022\/06\/Zbornik_2018-_I-dio.pdf\"><span style=\"color: #993300;\">Download 1 dio<\/span><\/a><strong>)\u00a0<\/strong><\/h4>\n<\/li>\n<li>\n<h4>Zbornik radova sa IX Me\u0111unarodne konferencije &#8220;Unapre\u0111enje kvalitete \u017eivota djece i mladih&#8221;. <strong>Harkanj, 22-24.06.2018. godine (<\/strong><a href=\"http:\/\/erf.untz.ba\/web\/wp-content\/uploads\/2022\/06\/Zbornik_2018-II-dio.pdf\"><span style=\"color: #993300;\">Download 2 dio<\/span><\/a><strong>)\u00a0<\/strong><\/h4>\n<\/li>\n<li>\n<h4>Zbornik radova sa X Me\u0111unarodne konferencije &#8220;Unapre\u0111enje kvalitete \u017eivota djece i mladih&#8221;. <strong>Istanbul, 21-23.06.2019. godine (<\/strong><a href=\"http:\/\/erf.untz.ba\/web\/wp-content\/uploads\/2022\/06\/Zbornik_2019-_I-dio.pdf\"><span style=\"color: #993300;\">Download 1 dio<\/span><\/a><strong>)\u00a0<\/strong><\/h4>\n<\/li>\n<li>\n<h4>Zbornik radova sa X Me\u0111unarodne konferencije &#8220;Unapre\u0111enje kvalitete \u017eivota djece i mladih&#8221;. <strong>Istanbul, 21-23.06.2019. godine (<\/strong><a href=\"http:\/\/erf.untz.ba\/web\/wp-content\/uploads\/2022\/06\/Zbornik_2019-_II-dio.pdf\"><span style=\"color: #993300;\">Download 2 dio<\/span><\/a><strong>)\u00a0<\/strong><\/h4>\n<\/li>\n<li>\n<h4>Zbornik radova sa XI Me\u0111unarodne konferencije &#8220;Unapre\u0111enje kvalitete \u017eivota djece i mladih&#8221;. <strong>Bugarska, 26-28.06.2020. godine (<\/strong><a href=\"http:\/\/erf.untz.ba\/web\/wp-content\/uploads\/2022\/06\/Zbornik_2020_compressed.pdf\"><span style=\"color: #993300;\">Download <\/span><\/a><strong>)\u00a0<\/strong><\/h4>\n<\/li>\n<li>\n<h4>Zbornik radova sa XII Me\u0111unarodne konferencije &#8220;Unapre\u0111enje kvalitete \u017eivota djece i mladih&#8221;. <strong>Bugarska, 25-27.06.2021. godine (<\/strong><a href=\"http:\/\/erf.untz.ba\/web\/wp-content\/uploads\/2022\/06\/Zbornik_2021-\u2013-kopija_compressed.pdf\"><span style=\"color: #993300;\">Download <\/span><\/a><strong>)<\/strong><\/h4>\n<\/li>\n<li>\n<h4>Zbornik radova sa XIII Me\u0111unarodne konferencije &#8220;Unapre\u0111enje kvalitete \u017eivota djece i mladih&#8221;. <strong>Aran\u0111elovac, 24-26.06.2022. godine (<\/strong><span style=\"color: #993300;\"><a style=\"color: #993300;\" href=\"http:\/\/erf.untz.ba\/web\/wp-content\/uploads\/2023\/06\/Zbornik-2022_compressed-1.pdf\">Download<\/a><\/span><strong>)<\/strong><\/h4>\n<\/li>\n<li>\n<h4>Zbornik radova sa XIV Me\u0111unarodne konferencije &#8220;Unapre\u0111enje kvalitete \u017eivota djece i mladih&#8221;. <strong>Dra\u010d, 23.-25.06.2023. godine (<\/strong><a href=\"http:\/\/erf.untz.ba\/web\/wp-content\/uploads\/2023\/07\/Zbornik-2023-I-dio-korekcija_compressed-1.pdf\"><span style=\"color: #993300;\">Download 1 dio <\/span><\/a><strong>)<\/strong><\/h4>\n<\/li>\n<li>\n<h4>Zbornik radova sa XIV Me\u0111unarodne konferencije &#8220;Unapre\u0111enje kvalitete \u017eivota djece i mladih&#8221;. <strong>Dra\u010d, 23.-25.06.2023. godine (<\/strong><a href=\"http:\/\/erf.untz.ba\/web\/wp-content\/uploads\/2023\/07\/Zbornik-2023-II-dio-korekcija-1_compressed.pdf\"><span style=\"color: #993300;\">Download 2 dio )<\/span><\/a><\/h4>\n<\/li>\n<li>\n<h4>Zbornik radova sa XV Me\u0111unarodne konferencije &#8220;Unapre\u0111enje kvalitete \u017eivota djece i mladih&#8221;. Istanbul<strong>, 21.-23.06.2024. godine (<\/strong><a href=\"http:\/\/erf.untz.ba\/web\/wp-content\/uploads\/2024\/07\/Zbornik_2024_I-dio_web_compressed.pdf\"><span style=\"color: #993300;\">Download 1 dio <\/span><\/a><strong>)<\/strong><\/h4>\n<\/li>\n<li>\n<h4>Zbornik radova sa XV Me\u0111unarodne konferencije &#8220;Unapre\u0111enje kvalitete \u017eivota djece i mladih&#8221;. Istanbul<strong>, 21.-23.06.2024. godine (<\/strong><a href=\"http:\/\/erf.untz.ba\/web\/wp-content\/uploads\/2024\/07\/Zbornik_2024_II-dio_web_compressed.pdf\"><span style=\"color: #993300;\"><span style=\"color: #993300;\">Download 2 dio<\/span> <\/span><\/a><a href=\"http:\/\/erf.untz.ba\/web\/wp-content\/uploads\/2023\/07\/Zbornik-2023-II-dio-korekcija-1_compressed.pdf\"><span style=\"color: #993300;\">)<\/span><\/a><\/h4>\n<\/li>\n<li>\n<h4>Zbornik radova sa XVI \u00a0Me\u0111unarodne konferencije &#8220;Unapre\u0111enje kvalitete \u017eivota djece i mladih&#8221;. Visoko<strong>, 26.-29.06.2025. godine (<\/strong><a href=\"http:\/\/erf.untz.ba\/web\/wp-content\/uploads\/2025\/06\/Zbornik_2025_Visoko_I-dio_compressed-2.pdf\"><span style=\"color: #993300;\">Download 1 dio<\/span><\/a><strong>)<\/strong><\/h4>\n<\/li>\n<li>\n<h4>Zbornik radova sa XVI \u00a0Me\u0111unarodne konferencije &#8220;Unapre\u0111enje kvalitete \u017eivota djece i mladih&#8221;. Visoko<strong>, 26.-29.06.2025. godine (<\/strong><a href=\"http:\/\/erf.untz.ba\/web\/wp-content\/uploads\/2025\/06\/Zbornik_2025_Visoko_II-dio_compressed-1-1.pdf\"><span style=\"color: #993300;\">Download 2 dio<\/span><\/a><strong>)<\/strong><\/h4>\n<\/li>\n<\/ol>\n","protected":false},"excerpt":{"rendered":"<p>Duranovi\u0107, M., Jovanovi\u0107-Simi\u0107, N., Begi\u0107, L., Mrkonji\u0107, Z., Rahmanovi\u0107, D. (2019). Jezik i jezi\u010dki poreme\u0107aji. Univerzitet u Isto\u010dnom Sarajevu: Medicinski fakultet Fo\u010da. Duranovi\u0107, M., Begi\u0107, L., Jovanovi\u0107-Simi\u0107, N., Rahmanovi\u0107, D. (2018). Komunikacija i mucanje.\u00a0\u00a0Univerzitet u Isto\u010dnom Sarajevu: Medicinski fakultet Fo\u010da. Begi\u0107, L., Duranovi\u0107, M., Jovanovi\u0107-Simi\u0107, D. (2018). Osnove disfagija.\u00a0 Univerzitet u Isto\u010dnom Sarajevu: Medicinski fakultet Fo\u010da. Jovanovi\u0107-Simi\u0107, <a href=\"http:\/\/erf.untz.ba\/web\/biblioteka__trashed\/e-knjige\/\" class=\"read-more\">Vi\u0161e&#8230;<\/a><\/p>\n","protected":false},"author":4,"featured_media":0,"parent":5,"menu_order":0,"comment_status":"closed","ping_status":"closed","template":"","meta":[],"_links":{"self":[{"href":"http:\/\/erf.untz.ba\/web\/wp-json\/wp\/v2\/pages\/609"}],"collection":[{"href":"http:\/\/erf.untz.ba\/web\/wp-json\/wp\/v2\/pages"}],"about":[{"href":"http:\/\/erf.untz.ba\/web\/wp-json\/wp\/v2\/types\/page"}],"author":[{"embeddable":true,"href":"http:\/\/erf.untz.ba\/web\/wp-json\/wp\/v2\/users\/4"}],"replies":[{"embeddable":true,"href":"http:\/\/erf.untz.ba\/web\/wp-json\/wp\/v2\/comments?post=609"}],"version-history":[{"count":0,"href":"http:\/\/erf.untz.ba\/web\/wp-json\/wp\/v2\/pages\/609\/revisions"}],"up":[{"embeddable":true,"href":"http:\/\/erf.untz.ba\/web\/wp-json\/wp\/v2\/pages\/5"}],"wp:attachment":[{"href":"http:\/\/erf.untz.ba\/web\/wp-json\/wp\/v2\/media?parent=609"}],"curies":[{"name":"wp","href":"https:\/\/api.w.org\/{rel}","templated":true}]}}